(-122 + 47) - (-1 - 0)?
-8
What is the value of -6 + -31 + -2 + 64?
25
(10 - 40 - (-1 + (-7 - 0))) + 14 - -77
69
Evaluate 9 + -115 + -8 + 27 + -7 - -2.
-92
What is -160 + -143 + 216 + (-2 - 0 - -19)?
-70
Evaluate (1 + -2 + 3 - 4) + (252 - 416) + 207.
41
-67 - ((-159 - -86) + -10)
16
What is 22 - (62 + (-3 - 14)) - -15 - -147?
139
Evaluate 71 - (28 + -31 + 42).
32
What is (216 - 187) + (2 - 4)?
27
Calculate 5 - 9 - 14 - (-6 - ((14 - 13) + -14)).
-25
Evaluate (76 + -91 - 21) + 18.
-18
What is (-10 - 10) + (-2 - 16 - -14)?
-24
60 + -135 + 156 - 74
7
Evaluate (2 - (3 - -10)) + 13 + (-6 - -18).
14
(-6 - -8) + 3 - (8 + -2 - (2 - -13))
14
Evaluate -2560 - -2582 - (1 - -96).
-75
What is (58 - 72) + 17 + (5 - 6 - 1)?
1
Evaluate (-5 - -3) + 51 + (23 - 50 - -43).
65
-51 + (2 - ((-10 - 13) + 15 + -1))
-40
What is 12 + -13 + -37 + 34?
-4
What is the value of -9546 + 9474 + (7 - 1)?
-66
Evaluate 5 + -15 + (2 - (6 - 5)) + -1 + -22.
-32
(1 - (1 + -1 - -5)) + -7 + 24 + 35
48
What is (-58 - -16 - -24) + 66 + -4?
44
What is 2 + -121 + (-10 - 4) + (-104 - -128)?
-109
Calculate (19 - 7) + -41 + 42.
13
What is the value of (-52 - -9) + 172 + -96?
33
What is the value of (-2818 - -2957) + (-3 - 87)?
49
Calculate 287 - 231 - (1 + 22).
33
What is -104 - (-2 - 34 - 4 - -8)?
-72
Calculate 40 + 4 + -133 + (-2 + -1 - -11).
-81
Evaluate (5 - (-32 + 52 - 24)) + (-139 - 1).
-131
Evaluate (62 - (72 + -154)) + -79.
65
Calculate 3 + -6 + -32 - (26 + -19).
-42
What is the value of 35 + 47 + -32 + -28 + (8 - (0 - -1))?
29
Calculate (-2 - -3) + -75 + (-24 - -112).
14
Evaluate -22 - (62 - 15 - 89).
20
What is 29 - 0 - (-8 + (-36 - -92))?
-19
Evaluate 107 + (-15 - (-13 - -21 - 12)) + -16.
80
Calculate 84 + -19 + (5 - (-1 - 1 - -20)).
52
What is (-4 + 14 - (-26 - -36) - 47) + 19?
-28
What is -3 - (-46 + (-46 - -80))?
9
What is the value of 65 + -97 + (80 - 1) + 0?
47
Evaluate 1 - (-54 - -167 - 121 - (-3 - (-3 - -2))).
7
24 - (-2 - (-17 + -55 + -8))
-54
Evaluate 35 + (-10 - 0 - -13).
38
What is 46 - (100 + 63) - -85?
-32
What is the value of 3 - (-10 + 13 + -46 + (-5 - 7))?
58
Evaluate (-786 - -806) + (-2 - (-2 + 4 + -3)).
19
-1 + 18 + 48 + -8 + -5
52
What is the value of 9 + 37 + -40 + -45?
-39
Evaluate -52 + 21 - ((13 - 79) + -11).
46
What is -70 + (18 - 9 - -17) + 0 + 8?
-36
What is (-6 - 18) + 8 - -9 - -4?
-3
(3 + (26 - 1) - 1) + (-31 - -25)
21
Evaluate -127 + 159 + (157 - 87).
102
-17 + (-7 - 18 - -57)
15
What is the value of (-39 - -34) + 58 + -34?
19
Calculate -411 + 418 + 1 + -30 - (-5 - -17).
-34
What is 17 - 0 - (284 + -214)?
-53
Calculate 106 + (23 - 67) + 61.
123
Calculate (-16 - -1 - (-21 - (-70 - -21))) + -3 + -6.
-52
What is -2 + -7 - (-3 + 8 + -24 + (10 - -11))?
-11
What is (-26 - (-3 + 4)) + (2280 - 2233)?
20
-61 + 47 - (-27 - -7) - (2 - -55) - -8
-43
What is 375 + -465 + (2 - -64) + 0 + 0 + 11?
-13
(45 - 45) + -13 + 41
28
What is the value of 169 + 5 - (2395 - 2255)?
34
What is the value of -26 + (19 + 70 + -8 - 10)?
45
Calculate -78 + 100 + -26 + (15 - 0).
11
What is the value of 17 + 92 + (-9 - (-2 + -3 + 4))?
101
(-14 - -8) + 13 + -21 + 103 + 5
94
Evaluate -2 - (-13 + 0 + 1) - 15 - 0.
-5
What is 18 + (-14 - (-10 + 11) - 7)?
-4
Evaluate 2 - -71 - 2 - (-5 + 7 - (-15 - -6)).
60
Calculate 429 + -253 - 178 - (1 - -16).
-19
(44 - 23) + 64 - (5 - (-6 - -9))
83
What is -6 + 11 + -2 + 3 + (67 - 29)?
44
Evaluate 5 + 0 + (-11 - (-12 + -1 + -5)) + -18.
-6
What is the value of -13150 + 13118 + 0 + 75?
43
What is the value of (32 - 27 - (15 - (-3 + 7))) + 2 + 6?
2
67 + (-58 - -12) + -66
-45
8 - 6 - (82 - ((26 - 14) + -1))
-69
Evaluate 9 + 0 + 63 - (-287 + 275).
84
Evaluate 11 - ((-8 - 11) + 15 - 15).
30
Evaluate 566 - 540 - (-5 - (-2 - -2)).
31
(3 - -44 - 37) + -37
-27
(89 - 104) + 23 + 16
24
Calculate -38 + (1 - -34) + -20.
-23
What is 207 + -32 + 312 + -380?
107
43 + 3 + 4 + -8 + -3 + -11 - 16
12
What is the value of -43 + 3 + (3 - 1) + 7 + (390 - 394)?
-35
What is 2 - (26 + (11 - 26)) - (5 + -3 - 125)?
114
Calculate (-5 + -9 - (-8 + -5)) + 0.
-1
What is the value of 6 + -18 - 5 - (-4 - 40 - 0)?
27
What is the value of (33 - 0) + -87 + 15?
-39
Evaluate -45 - (-57 + 36 - 24).
0
What is 35 + (-41 - -27) - 9 - 20?
-8
What is (-21 - -31 - -2 - 144) + 24?
-108
1 + -14 - ((30 - 23) + (-12 - 7))
-1
Calculate (-7 - (-18 + -7 - -9 - 7)) + 10.
26
-20 + 50 - (194 - 214)
50
What is -6 + 0 + (-20 - (10 - 77)) + 26?
67
103 + (21 + -85 - 7)
32
What is the value of -95 - (695 - 715 - (0 + 2 + -2))?
-75
Evaluate -77 - (2 + 12 + -2 - 33).
-56
What is -15 + (8 - 15) + 19 + 1?
-2
What is 1 - 1 - 5 - (-2 + -88 + (-180 - -199))?
66
What is the value of -32 + 41 + -31 + 21?
-1
Calculate 14 - (43 + 22 - (10 - (-1 - 1))).
-39
What is the value of -15 + 0 + (-19 - -50) + -34 + -43?
-61
What is the value of -77 + -61 + -29 + 104?
-63
Evaluate (4 - (-24 + (0 - -14))) + 27 + -4.
37
Evaluate -102 - (43 + 38 + (-97 - 27)).
-59
-107 - (-210 - (-82 - -20))
41
Evaluate (127 - (268 - 90)) + 78.
27
What is (-5 + 49 - -6) + -56?
-6
What is (386 - 401) + 8 + -5?
-12
What is -36 + -27 + (14 + 20 - 25)?
-54
What is -5 - (-15 - (11 + -16)) - (-7 + -7 + 8)?
11
Evaluate 10 + (1 - (-4 + 46) - (1364 - 1386)).
-9
What is 79 + -88 + -6 + 3 + (0 - -8) + -9?
-13
What is 1 - (-14 + 2 + 42 - (-5 - 6))?
-40
What is the value of (5 - (-1 + -8 - (-206 + 196))) + 123 - -8?
135
Calculate -7 + 2 + (-30 - -3) + 12 + 0.
-20
What is 51 + -3 + 452 + -561?
-61
What is 11 + (30 - 21 - 28 - 7)?
-15
Evaluate -1 - 10 - (-5 + (-48 - (6 + 0)) + -10).
58
What is -39 + (15 - -2) + -25 + -7?
-54
What is (28 - (26 - 11) - (-1 - -1)) + (-7 - -5)?
11
(22 - 95 - 3 - 30) + 23
-83
Evaluate -441 + 381 - (-6 + -6).
-48
What is the value of 21 - (45 + -27) - (-144 - -101)?
46
Calculate -57 + -8 + 6 + (23 - 6).
-42
Evaluate (106 - 3) + (-20 + -40 - -45) - -16.
104
(50 - -38) + (-12 - -3 - -12)
91
What is the value of 27 + 5 + 3 + -2 + (0 - 7) - -6?
32
Calculate (-81 - -108) + -51 - 47.
-71
-19 + 30 + -16 - (-107 - (5 + -9 + 7))
105
What is the value of (-12 - -1) + (18 - 4) + -12 + -36?
-45
Calculate -17 - 25 - (30 - (-3 + 7)).
-68
Calculate -34 + 24 - -6 - 23.
-27
What is (39 - -26 - 57) + 2 + 1 + 38?
49
What is (8 - 12 - -2) + -3 - (79 + -78)?
-6
What is (-4 - -32) + 3 + -7 + 6 + 12?
42
What is the value of (-2 - (-6 + 2)) + -1 + (-11 - (33 + -3))?
-40
What is 46 + 4 + -176 + 22 + -8?
-112
Calculate (14 - ((-25 - 3) + 7 - -7)) + 2.
30
Calculate (75 - 120) + 87 - -25.
67
What is the value of 13 + 17 - (-25 - -15)?
40
Evaluate (-3 - 4 - -10) + -209 + 169.
-37
Calculate 35 + -27 - (-1 - (-45 + (4 - 0))).
-32
What is -4 + (2 - 0) + 655 + -676?
-23
What is the value of (-21 - (-10 - -5)) + -3 + -17?
-36
Evaluate (-43 + (-4 - -7) - -4) + -2 - -8.
-30
What is the value of 21 - (598 - 614 - (1 + -3))?
35
Evaluate -3 - (28 + -19 + 12 - (-6 + 4 + 3)).
-23
What is the value of -5 - (-64 + (-26 - (8 - 27)) + 10)?
56
What is 96 + -57 - (11 - -7)?
21
What is 6 + -19 + 24 - (-12 + (-10 - 117) + 18)?
132
What is the value of 54 + (1 - 6) + (0 - -12)?
61
What is -8 + 1 + 2 + -25 + (-3 + -15 - -32)?
-16
-16 + (-28 - -41) - (2 + -16)
11
(-2 - (14 + -1)) + 1 + -2 + (48489 - 48403)
70
Evaluate (159 - 153 - (0 + -3)) + (2 - 23).
-12
What is 1 + (-5 - (-1 + -9 - 18))?
24
What is (-3 - -63) + 1 + -1 + (93 - (-146 + 245))?
54
810 + -801 + (7 - 0) - 121
-105
What is the value of 33 - ((-8 - (0 + 5 - 12)) + (6 - 4))?
32
What is -2 + -2 + 0 + -15 + 10 + -24?
-33
-49 + 50 + -69 + 37
-31
(-1 + (-1 - -2) - (31 - 34)) + 10 + -103
-90
Calculate 34 - (-8 - (-39 + -10)).
-7
What is the value of (3 - ((-90 - -77) + 0 + 8 - -1)) + 27?
34
-6 + 2 - ((-791 - -790) + -5 + 0)
2
What is the value of 56 + 107 + (-264 - -18)?
-83
What is the value of 1 + ((-1 - -3) + 74 - 18)?
59
What is the value of 26 - (39 - ((-11 - -17) + 9))?
2
Calculate (69 - 1) + 0 + 17 + -38 + 79 + -46.
80
Evaluate -10 + (-54 - -10) + 46.
-8
Evaluate (-46 - -18 - (5 - 3)) + (-9 + 6 - 5).
-38
Evaluate (10 - (31 + -34 + (1 + 5 - -104))) + 7.
-90
-1 - -34 - (8 + -39 + 13 + 8 + 9)
34
Evaluate 216 + -265 + 18 - (-98 - 0).
67
What is (0 + -1 - -50) + (-21 - (13 + 13 + -51))?
53
Calculate 51 + 1 + -2540 + 2484.
-4
What is -13 - (-5 + 11 + 0 - -6 - -17)?
-42
Evaluate -1 + (9 - 14) + -5 + -3 + (13 - 2).
-3
What is the value of